3. Let a be r(2). Let t = 41 - a. What are the prime factors of (2 - 5)/(t/(-880)) - -3?
113
Let r(w) be the third derivative of 0*w - 5/3*w**4 + 3*w**2 + 4/3*w**3 + 0. What are the prime factors of r(-6)?
2, 31
List the prime factors of 18330/60 - 35/(-14).
2, 7, 11
Let a = 299 - 14. Suppose 0 = -q - 0*o + o + 95, -3*q + a = -2*o. Suppose -8*p = -7*p - q. List the prime factors of p.
5, 19
Suppose -4*h - 2885 = -6*h - 3*b, 3*h - 5*b = 4318. What are the prime factors of h?
11, 131
Let v(p) = p**3 + 9*p**2 - 9*p - 3. Let z = -32 + 40. Suppose -4*o + z*o + 28 = 0. What are the prime factors of v(o)?
2, 79
Suppose -d = d + 4*z - 12, 0 = -d + 4*z. Let j be d + 2 + -8 + 2. Suppose j*t + 90 = t. List the prime factors of t.
2, 3, 5
Let u be (-14)/14*3*-1. Suppose 0 = -u*c + 8 + 10. Suppose -c*i = -i - 115. List the prime factors of i.
23
Let f = 8 + -3. Let c = -1550 - -1554. Suppose f*q - 289 = -o, -o = -c*q + 2*o + 216. What are the prime factors of q?
3, 19
Suppose 4*d + 68836 = 9656. List the prime factors of d/(-187) + 6/(-51).
79
What are the prime factors of 7413 + (9/1 - (9 + 45/(-9)))?
2, 3709
Let l(b) = -b**2 - 14*b - 46. Let q be l(-8). Suppose -c - 2152 = -4*c - q*h, 2869 = 4*c + 3*h. List the prime factors of c.
2, 359
Let u be 2/(0 - 2)*-124. Let k = 279 + -326. Let t = k + u. List the prime factors of t.
7, 11
Let d be (-6536)/(-6) + 70/15 + -5. Suppose 20*q + d = 29*q. What are the prime factors of q?
11
Let f be (12/10)/(4/1670). Suppose -q - 3*m + f = -m, 5*m + 1047 = 2*q. List the prime factors of q.
7, 73
What are the prime factors of 40/(-19) - (-4)/2 - (-829370)/190?
3, 5, 97
Let l = 4218 + -238. What are the prime factors of l?
2, 5, 199
Let v(h) = 314*h**2 - 252*h + 1484. What are the prime factors of v(6)?
2, 2819
Suppose 89*v - 53*v - 1037160 = 0. What are the prime factors of v?
2, 5, 43, 67
Suppose d + 402 = 3*t, -3*t + 402 = -4*d + 7*d. Let c be (14/28)/(t/(-132) - -1). What are the prime factors of -3*(4 + -3) - c?
2, 3, 5
Suppose 5*g = 2*u + 525, 3*g - 5*u - 168 - 147 = 0. Suppose 5*s = 5 + 5. Suppose -4*z = h - 130, -s*z = z - 3*h - g. What are the prime factors of z?
3, 11
Let c = 200 - 196. Suppose 5*w - 933 = -c*n + 804, 5*w - n - 1722 = 0. What are the prime factors of w?
3, 5, 23
Suppose 4*d = 5937 + 157675. List the prime factors of d.
40903
Suppose 3*c - c - 393 = -5*u, -3*u = 2*c - 239. Let a = u - -634. List the prime factors of a.
3, 79
Suppose -29249 = -5*a - 3*b, 12*a - 8*a + 5*b - 23394 = 0. List the prime factors of a.
5851
Let m(w) = -252*w - 51. Let l be m(-6). Suppose 1254 = 5*j - l. What are the prime factors of j?
3, 181
Let u be 7*-22*2/4. Suppose 6*f + w = 4*f + 373, 3*w = -3*f + 561. Let d = u + f. List the prime factors of d.
109
Let u(z) = -z**3 + 7*z**2 + 14*z - 19. Let g be u(8). Suppose g*j - 32*j = -2049. List the prime factors of j.
683
Suppose 4*p + 12 = 7*p. Let o be (5 - (5 - 2))/(p/10). Suppose -o*l = -520 + 135. List the prime factors of l.
7, 11
Let h = 250 + -71. Suppose -7*p + 2*p + h = 3*j, 3*p = 5*j + 121. Let c = -28 + p. List the prime factors of c.
3
Suppose s = -u - 1084, -5*s + 6*u - 5*u - 5402 = 0. Let c = s + 1561. What are the prime factors of c?
2, 3, 5
Let n be 0 + 92/18 + 7/(-63). Suppose -2*q + n*g + 427 = -0*g, -4*q + g + 845 = 0. List the prime factors of q.
211
Suppose 23*o + 5*l + 118390 = 25*o, -5*l - 236750 = -4*o. What are the prime factors of o?
2, 5, 11, 269
Suppose -18005 = -9*u + 17464. List the prime factors of u.
7, 563
Let d = -3 - -5. Suppose 16 = n + 3*f - 489, d*f = -5*n + 2525. Suppose -3*j + 12 = 0, -k = -6*k + 5*j + n. What are the prime factors of k?
3, 5, 7
Suppose 208*l - 220*l = -1332. List the prime factors of -183*(l/(-9) + 8).
13, 61
Let a(n) = 2*n**3 + 15*n**2 - 171*n + 31. List the prime factors of a(18).
13477
Suppose 60 = 3*i + 21. Let o(t) be the second derivative of 2*t**3/3 - t**2/2 + 577*t. What are the prime factors of o(i)?
3, 17
Suppose -5*d + 3592 = -8. Suppose -d = 7*n - 13*n. Let v = 239 - n. List the prime factors of v.
7, 17
Let q(f) = 46*f**3 + 2*f**2 - f + 1. Let s be q(2). Let a = 46 + s. List the prime factors of a.
421
Let g(w) = -84 - 8*w**2 + 35*w**2 - 20*w - w**3 + 2*w. What are the prime factors of g(25)?
2, 179
Suppose 13*o - 11*o - 22 = 0. Let h(b) = -25*b - 10. Let z be h(o). List the prime factors of 3 + -6 + (-1)/(3/z).
2, 23
Suppose 11*m + 7*m - 324336 = 6*m. What are the prime factors of m?
2, 29, 233
Let s = 43 - 33. Let u(i) = -10*i + i**2 - s*i - 26 + 35*i - 10*i. List the prime factors of u(8).
2, 3, 13
Suppose 8 - 3 = o, 5*x = -2*o + 17755. Suppose -x = -9*b + 816. List the prime factors of b.
5, 97
Suppose -5*n + 50*m - 47*m = -83260, -4*n + 66571 = 5*m. List the prime factors of n.
16649
Let l be (24/(-9))/(52/(-39)). Suppose -4194 = -4*q + l*p, -40*q + 39*q = -5*p - 1035. What are the prime factors of q?
2, 3, 5, 7
Suppose -3*y - 2*a + 2394 = -75139, 4*y + a = 103379. List the prime factors of y.
3, 5, 1723
Let c(h) = -h**2 + 22*h - 14. Let u be c(21). Suppose u*m + 4*p - 818 = 2*m, -5*p - 800 = -5*m. List the prime factors of m.
2, 3
Let r = 11881 - -66968. List the prime factors of r.
3, 8761
Suppose 3*l - 2*x = 108511, -180877 = -5*l - 30*x + 27*x. List the prime factors of l.
61, 593
Let h(d) = -d**3 - 7*d**2 - 10*d + 3. Let n be h(-5). Suppose 3*l = -l + g + 1, n*l = g. What are the prime factors of (77 + (-7 - -10))/(2 - l)?
2, 5
Suppose 105 = 3*z - 5*t, -4*z - 3*t = z - 141. What are the prime factors of (-5)/(65/z - 3)?
2, 3
Suppose 0 = 8*g - 1294 + 19598. Let i be (0/(-2) + 7)/((-16)/g). Suppose -3*p + i = 10*p. List the prime factors of p.
7, 11
Let b = 45 - 40. Suppose -6*g + 5 = -b*g. Suppose -185 = -g*y - 4*o, -y - 2*o + 30 + 13 = 0. List the prime factors of y.
3, 11
Suppose -22 + 7 = -5*m. Suppose 2*w = m*q + 4, -6 = 4*q - 3*w - 0. Suppose o + 5*o - 564 = q. List the prime factors of o.
2, 47
Let z(o) = o**3 - o**2 - o - 1. Let j(m) = 4*m**3 + 36*m**2 - 51*m - 119. Let l(i) = j(i) - 3*z(i). What are the prime factors of l(-40)?
2, 3, 17
Let c(l) = l**2 - 42*l - 82. List the prime factors of c(-20).
2, 3, 193
Let t(z) = -29962*z - 44. What are the prime factors of t(-1)?
2, 7, 2137
Let p be ((-4)/(-1) - 3)*3. List the prime factors of (-3 - (p + -34)) + -4.
2, 3
Let g = 3927 + -2655. Suppose 1012 = 3*y - 4*b, -5*y + g = 2*b - 406. List the prime factors of y.
2, 3, 7
What are the prime factors of 2/(-6) - (-6465282)/171 - (-2)/3?
3, 4201
Suppose 2*z - 47839 = 3*c, 3*z - 71706 = 39*c - 42*c. List the prime factors of z.
23909
Suppose -574124 = -217*i + 649314 + 265616. List the prime factors of i.
2, 47, 73
Suppose 1627052 = 81762*k - 81734*k. List the prime factors of k.
58109
Suppose -1119 + 10128 = -33*x. List the prime factors of 312/x - 155/(-7).
3, 7
Suppose -5*d = -632 - 338. What are the prime factors of (48/8)/(6/d)?
2, 97
Let g = 18294 + -10951. What are the prime factors of g?
7, 1049
Suppose -z = 3*a + 12, 2 = -a + 3*z + 8. Let y(v) = -86*v - 29. List the prime factors of y(a).
229
Let j be 40/(-8)*6/(-15). Let o(m) = 2*m**2 - 7*m + 17. What are the prime factors of o(j)?
11
Let z = 369 + -176. Suppose 3*v = z + 62. List the prime factors of v.
5, 17
Let r(t) = t - 75. Let f be r(0). What are the prime factors of ((-710)/3)/(50/f)?
5, 71
Let j(r) = 2*r**3 + 8*r**2 - 10*r + 2. Let q be j(-5). Suppose 9 = -5*t + 29. Suppose 0*k - 433 = -t*k + 5*c, q*k - 2*c = 216. List the prime factors of k.
107
Suppose 12756 = 2*b - 4*m, -27*b = -30*b - m + 19141. What are the prime factors of b?
2, 5, 11, 29
Let h(m) = -4. Let c(t) = 8*t**2 + 6*t - 25. Let j(g) = c(g) - 5*h(g). Suppose 3*a - 4*a - 5 = 0. What are the prime factors of j(a)?
3, 5, 11
Suppose 847555 - 19828 = 19*c + 88475. What are the prime factors of c?
2, 71, 137
Suppose -5*r + 42077 = 3*q - 10238, -r = -q + 17457. List the prime factors of q.
2, 5, 349
Suppose 46733 = 5*s + 4*i, 97*s = 102*s + i - 46727. List the prime factors of s.
3, 5, 7, 89
Suppose 9*j - 1 = 26. Suppose -2*n = 8, -j*n = -2*b + 146 + 162. List the prime factors of b.
2, 37
Let t = 3769 + -1597. What are the prime factors of 5*(-2)/2*t/(-30)?
2, 181
Let l(j) = -j**2 + 2*j + 2. Suppose -7*p = -2*p, -5*m + 2*p + 25 = 0. Let y be l(m). Let r = 68 + y. Li